1)?
33
Let g(c) = 18929*c + 265000. What is g(-14)?
-6
Let v(q) = -q**2 + 4579*q - 36547. Calculate v(8).
21
Let r(c) = -162*c + 5636. Give r(36).
-196
Let w(a) = 2*a**3 - 26*a**2 + 3*a + 79. Determine w(13).
118
Let q(y) = 3*y**3 + 54*y**2 + 2*y + 35. Calculate q(-18).
-1
Let f(n) = 2*n**2 - 17*n - 2301. What is f(-30)?
9
Let r(d) = -2*d**3 + 23*d**2 - 11*d + 9. Give r(11).
9
Let l(v) = -v + 27. Give l(2).
25
Let b(x) = -x**3 - 33*x**2 + 418*x + 13053. Determine b(-34).
-3
Let y(l) = l**2 + 180*l + 2070. What is y(-14)?
-254
Let u(n) = n**2 - 387. What is u(-21)?
54
Let b(s) = 3*s**2 + 47*s - 124. Give b(-25).
576
Let o(x) = -x**2 + 16*x - 48. What is o(13)?
-9
Let z(a) = 47*a - 720. Give z(16).
32
Let m(d) = -26*d**2 - 67*d - 125. What is m(-2)?
-95
Let p(q) = q**2 + 62*q + 13. Calculate p(-62).
13
Let x(o) = -1374*o + 9669. What is x(7)?
51
Let m(u) = -6*u**2 - 946*u - 624. Calculate m(-157).
4
Let l(f) = -f**3 - 22*f**2 - 81*f + 61. Give l(-17).
-7
Let u(g) = 2*g**3 - 40*g**2 + 3*g + 32. Give u(20).
92
Let o(a) = 6*a**2 - 42*a - 194. Calculate o(-5).
166
Let w(v) = v**3 + 20*v**2 + 21*v + 97. What is w(-19)?
59
Let q(i) = i**3 - 18*i**2 - 117*i + 39. Determine q(23).
-7
Let s(c) = -26*c + 1292. Give s(47).
70
Let k(t) = -t**2 - 11*t - 49. Give k(-11).
-49
Let v(i) = -i**3 + 41*i**2 - 34*i - 74. Determine v(40).
166
Let p(s) = -2*s**3 + 11*s**2 + 43*s - 16. Calculate p(8).
8
Let z(f) = -8*f**2 + 942*f + 240. Determine z(118).
4
Let z(i) = -i**3 - 9*i**2 + 22*i + 23. Determine z(-10).
-97
Let y(a) = 1375*a - 12370. Give y(9).
5
Let j(x) = -229*x - 1083. Give j(-4).
-167
Let r(o) = o**2 + 20*o - 277. Determine r(10).
23
Let f(r) = r**3 + 25*r**2 - 14*r + 78. Determine f(-25).
428
Let o(l) = 59*l**3 + 5*l**2 + 5*l + 3. What is o(-1)?
-56
Let s(k) = 19*k**2 + 1358*k + 645. Calculate s(-71).
6
Let c(x) = -32*x + 684. Give c(21).
12
Let q(r) = -r**2 + 79*r - 176. Determine q(78).
-98
Let l(d) = -4*d**2 + 49*d - 198. Determine l(17).
-521
Let q(f) = -20*f**2 + 219*f - 17. Give q(11).
-28
Let d(z) = z**3 + 16*z**2 + 40*z + 35. What is d(-13)?
22
Let x(g) = 18470*g + 147771. Determine x(-8).
11
Let c(i) = -208*i + 2263. What is c(10)?
183
Let w(i) = 3*i**2 - 1782*i + 10578. What is w(6)?
-6
Let i(q) = 82*q - 662. Calculate i(9).
76
Let p(f) = -49*f**2 - 1372*f + 53. What is p(-28)?
53
Let c(g) = -24*g - 323. Give c(-12).
-35
Let l(j) = -754*j - 1353. What is l(-2)?
155
Let m(l) = 5*l**2 + 8*l - 5. Determine m(5).
160
Let k(p) = p**3 + 44*p**2 - 20*p - 883. What is k(-44)?
-3
Let f(i) = 22*i**3 - 108*i**2 - 9*i + 6. Calculate f(5).
11
Let f(t) = t**3 + 47*t**2 + 160*t - 476. Determine f(-43).
40
Let s(a) = a**3 + 12*a**2 + 20*a + 6. Give s(-7).
111
Let l(u) = -u**3 - 36*u**2 - 40*u - 166. Determine l(-35).
9
Let x(p) = p**3 - 194*p**2 - 2697*p + 1237. Determine x(207).
-5
Let l(c) = -c**3 + 25*c**2 - 54*c + 132. What is l(23)?
-52
Let z(r) = r**2 - 53*r + 79. Calculate z(51).
-23
Let w(z) = -55*z + 1007. Determine w(16).
127
Let i(n) = -98*n + 12831. Give i(131).
-7
Let c(m) = 11*m**2 + 157*m - 115. Give c(-15).
5
Let k(q) = q**2 - 118*q - 186. What is k(120)?
54
Let x(y) = -20*y + 43. Calculate x(0).
43
Let x(g) = 196*g + 59. Determine x(-1).
-137
Let j(c) = 28*c**2 + 8*c + 1. What is j(-2)?
97
Let k(f) = 3*f**2 + 29*f + 158. Determine k(-16).
462
Let i(l) = 1812*l - 5471. What is i(3)?
-35
Let v(b) = -20*b - 53. Give v(-1).
-33
Let m(y) = -261*y**2 + 45938*y - 351. Calculate m(176).
1
Let c(y) = -y**3 - 3*y**2 + y - 4. What is c(-6)?
98
Let l(h) = 342*h + 11950. Determine l(-35).
-20
Let g(r) = 5*r**3 - 62*r**2 - 289*r + 9. Calculate g(16).
-7
Let j(o) = 4*o**2 + 125*o - 228. Give j(-33).
3
Let f(k) = -719*k + 20137. What is f(28)?
5
Let s(b) = b**2 - 9*b - 32. What is s(12)?
4
Let p(y) = y**3 + 12*y**2 + 20*y - 61. Calculate p(-5).
14
Let t(r) = -r**3 + 2*r**2 + 27*r + 39. Give t(8).
-129
Let h(o) = 94*o - 500. Determine h(5).
-30
Let f(a) = -a**3 - 61*a**2 + 17*a + 473. Calculate f(-61).
-564
Let g(f) = -6*f + 90. Determine g(21).
-36
Let t(w) = 17*w**2 - 658*w + 3776. What is t(7)?
3
Let a(s) = 55*s**2 - 28*s + 55. Give a(2).
219
Let z(i) = -i**2 - 29*i + 27830. What is z(153)?
-16
Let z(q) = 34*q - 231. Give z(8).
41
Let s(c) = 3*c**3 + 41*c**2 - 19*c - 45. Give s(-14).
25
Let k(m) = m**2 + 11994*m + 11. Determine k(0).
11
Let z(a) = -44*a**2 + 17*a + 13. Determine z(-1).
-48
Let z(v) = -v**2 - 189*v - 3219. What is z(-19)?
11
Let y(r) = r**2 + 94*r - 1252. Determine y(14).
260
Let q(r) = -r**2 - 160*r + 7764. Determine q(39).
3
Let i(k) = -k**3 - 5*k**2 + 11*k + 100. What is i(0)?
100
Let j(a) = 2*a**3 + 59*a**2 + 44*a + 69. Give j(-29).
-366
Let d(b) = 80*b**2 - 8803*b + 329. Calculate d(110).
-1
Let h(b) = -6*b**2 + 21*b - 68. Calculate h(3).
-59
Let i(y) = y**2 + y - 114. Give i(12).
42
Let n(i) = 167*i - 29714. Calculate n(178).
12
Let r(w) = -w**3 + 23*w**2 - 25*w - 46. Give r(-1).
3
Let c(l) = -4*l**2 + 25*l + 88. Calculate c(9).
-11
Let c(r) = 81*r - 333. Calculate c(4).
-9
Let o(g) = 28*g**2 - 1315*g - 53. Give o(47).
-6
Let d(s) = -7*s**2 - 21*s + 13. Calculate d(3).
-113
Let b(m) = m**3 - 12*m**2 + 21*m + 34. What is b(10)?
44
Let s(a) = 179*a + 7169. Calculate s(-40).
9
Let n(x) = -x**3 + 35*x**2 - 225*x - 13. Determine n(9).
68
Let d(y) = -71*y + 1258. What is d(18)?
-20
Let h(w) = w**2 - 34*w + 156. Give h(5).
11
Let s(d) = 24*d + 7. Determine s(-7).
-161
Let b(p) = -7*p**2 + 99*p - 18. Calculate b(11).
224
Let n(f) = f**3 - 12*f**2 + 3*f + 112. Give n(11).
24
Let p(y) = -70*y + 4159. Give p(63).
-251
Let w(v) = v**3 + 44*v**2 + 333*v - 93. Determine w(-10).
-23
Let w(n) = n + 253. Give w(-20).
233
Let c(y) = -6*y**2 - 97*y - 24. What is c(-18)?
-222
Let s(z) = -28*z - 595. Calculate s(-41).
553
Let f(w) = -78*w + 5623. What is f(72)?
7
Let n(q) = q**3 + 42*q**2 - 146*q + 34. Determine n(3).
1
Let a(f) = 12*f**2 - 24*f + 10. Give a(3).
46
Let v(l) = 384*l + 773. Determine v(-2).
5
Let f(m) = m**2 + 18*m + 23. Determine f(-12).
-49
Let p(g) = 107*g**2 - 3*g - 2. Give p(-1).
108
Let m(g) = -g**3 - 7*g**2 - 7*g - 17. What is m(-9)?
208
Let q(w) = w**2 + 23*w + 22. Calculate q(-21).
-20
Let j(y) = 117*y + 7453. What is j(-64)?
-35
Let o(n) = -59*n - 5075. What is o(-86)?
-1
Let o(u) = -2*u**2 - 5*u - 9. What is o(5)?
-84
Let f(m) = 4*m**3 - 5*m**2 - 14*m - 4. What is f(3)?
17
Let p(i) = 206*i**2 + 191*i - 10. Determine p(-1).
5
Let s(b) = -3*b**2 + 59*b + 402. Calculate s(25).
2
Let k(i) = 72*i - 4560. Determine k(64).
48
Let l(g) = g**3 + 33*g**2 + 3*g + 101. Determine l(-33).
2
Let j(w) = -5*w**2 + 591*w + 18742. Determine j(-26).
-4
Let p(t) = 1200*t - 31198. What is p(26)?
2
Let r(a) = 2*a**2 + 58*a + 455. Give r(-13).
39
Let a(l) = l**3 - 22*l**2 + 110*l - 15. Determine a(7).
20
Let d(v) = 8*v**2 + 994*v + 3158. Calculate d(-121).
12
Let a(m) = 2800*m - 61603. Give a(22).
-3
Let j(i) = -28*i - 612. What is j(-20)?
-52
Let w(d) = -3*d**2 + 47*d + 1009. Calculate w(27).
91
Let l(i) = 73*i + 586. Give l(-5).
221
Let c(j) = -j**2 - 521*j - 3626. Determine c(-7).
-28
Let x(s) = 3147*s - 15747. Give x(5).
-12
Let m(r) = -r**3 + 23*r**2 + 23*r + 97. Give m(24).
73
Let i(y) = 3*y**2 - 36*y - 214. Determine i(19).
185
Let v(s) = -s**2 + 1115*s + 12. Calculate v(0).
12
Let r(c) = 1033*c + 3094. Calculate r(-3).
-5
Let t(h) = 2718*h + 5459. Give t(-2).
23
Let g(q) = -q**3 + q**2 + 36*q - 35. Give g(-6).
1
Let i(l) = l**3 + 16*l**2 - 14*l + 38. What is i(-17)?
-13
Let s(x) = -2*x**2 + 323*x + 1320. Determine s(-4).
-4
Let p(d) = -3*d**2 - 211*d - 58. Determine p(-70).
12
Let j(m) = 49*m**3 - 10*m**2 + 63. Give j(3).
1296
Let y(w) = -w**3 - 135*w**2 + 413*w - 115. Calculate y(-138).
23
Let g(a) = -319*a**2 + 23*a + 22. What is g(-1)?
-320
Let g(c) = -c**3 + 10*c**2 + 1158*c - 8219. Calculate g(7).
34
Let s(j) = -2955*j + 29558. Give s(10).
8
Let f(t) = 114*t + 1373. Determine f(-11).
119
Let m(b) = b**3 - 15*b**2 + 20*b + 11. Give m(11).
-253
Let k(r) = -r**3 - 31*r**2 - 32*r - 56. What is k(-30)?
4
Let c(s) = 7*s + 71. What is c(-10)?
1
Let g(o) = o**2 + 106*o + 255. What is g(-104)?
47
Let x(z) = z**2 - 34*z - 1424. What is x(-24)?
-32
Let b(o) = -o**2 - 341*o - 1025. Give b(-3).
-11
Let z(g) = g**3 + 21*g**2 + 41*g - 12. Determine z(-